{"id":21,"date":"2022-11-06T21:06:20","date_gmt":"2022-11-06T21:06:20","guid":{"rendered":"https:\/\/www.jf-arcas.pt\/?page_id=21"},"modified":"2022-11-19T15:49:12","modified_gmt":"2022-11-19T15:49:12","slug":"arcas","status":"publish","type":"page","link":"https:\/\/www.jf-arcas.pt\/?page_id=21","title":{"rendered":"ARCAS"},"content":{"rendered":"<div class=\"fusion-fullwidth fullwidth-box fusion-builder-row-1 fusion-flex-container nonhundred-percent-fullwidth non-hundred-percent-height-scrolling\" style=\"--awb-border-radius-top-left:0px;--awb-border-radius-top-right:0px;--awb-border-radius-bottom-right:0px;--awb-border-radius-bottom-left:0px;--awb-flex-wrap:wrap;\" ><div class=\"fusion-builder-row fusion-row fusion-flex-align-items-flex-start fusion-flex-content-wrap\" style=\"max-width:1248px;margin-left: calc(-4% \/ 2 );margin-right: calc(-4% \/ 2 );\"><div class=\"fusion-layout-column fusion_builder_column fusion-builder-column-0 fusion_builder_column_2_3 2_3 fusion-flex-column\" style=\"--awb-bg-size:cover;--awb-width-large:66.666666666667%;--awb-margin-top-large:0px;--awb-spacing-right-large:2.88%;--awb-margin-bottom-large:20px;--awb-spacing-left-large:2.88%;--awb-width-medium:66.666666666667%;--awb-order-medium:0;--awb-spacing-right-medium:2.88%;--awb-spacing-left-medium:2.88%;--awb-width-small:100%;--awb-order-small:0;--awb-spacing-right-small:1.92%;--awb-spacing-left-small:1.92%;\"><div class=\"fusion-column-wrapper fusion-column-has-shadow fusion-flex-justify-content-flex-start fusion-content-layout-column\"><div class=\"fusion-text fusion-text-1\" style=\"--awb-text-transform:none;\"><p style=\"text-align: justify;\">Arcas, freguesia do concelho de Macedo de Cavaleiros, distrito de Bragan\u00e7a, situa-se num vale f\u00e9rtil perto da Serra de Bornes.<\/p>\n<p style=\"text-align: justify;\">\u00c9 constitu\u00edda pelas povoa\u00e7\u00f5es anexas de Nozelos e Morg\u00e3o e tem como freguesias lim\u00edtrofres: Vilarinho de Agroch\u00e3o, Mur\u00e7\u00f3s, Ferreira, Corujas, Ala e Vilarinho do Monte.<\/p>\n<p style=\"text-align: justify;\">Pouco se sabe acerca da origem desta freguesia. No entanto, a antiguidade deste povoado \u00e9-nos revelada pelo pr\u00f3prio nome. Para uns Arcas falaria de um conjunto de monumentos funer\u00e1rios megal\u00edticos. Para outros Arcas seria mais um lugar de culto ao deus desse mesmo nome e o seu templo estaria localizado mais ou menos no lugar hoje ocupado pelo templo do Divino Senhor dos Passos.<\/p>\n<p style=\"text-align: justify;\">A estrutura geogr\u00e1fica desta regi\u00e3o levou a freguesia ao isolamento. A altitude do relevo, o dispositivo hidogr\u00e1fico e a aspereza do clima sempre foram obst\u00e1culos \u00e0 fixa\u00e7\u00e3o dos povos. Apesar disso, a freguesia sofreu as influ\u00eancias romanas que imp\u00f4s a sua civiliza\u00e7\u00e3o e a sua cultura aos celtiberos bravos e rudes. Posteriormente, com a nomea\u00e7\u00e3o de poderosos ricos-homens da Prov\u00edncia, da estirpe dos Bragan\u00e7\u00e3os, para as jurisdi\u00e7\u00f5es, o territ\u00f3rio foi sendo pouco a pouco repovoado.<\/p>\n<p style=\"text-align: justify;\">Sabe-se que no reinado de D. Dinis foi concedida carta de foral a Nozelos, em 1284.<\/p>\n<p style=\"text-align: justify;\">Nesta freguesia destacaram-se v\u00e1rias figuras ilustres atrav\u00e9s das suas ac\u00e7\u00f5es e feitos de grande nomeada:<\/p>\n<p style=\"text-align: justify;\">Manuel de Almeida Pessanha<\/p>\n<p style=\"text-align: justify;\">Natural desta freguesia, nasceu a 20 de Agosto de 1825. Foi um pol\u00edtico de grande influ\u00eancia. Foi Governador Civil de Bragan\u00e7a em 1858 e Par do reino em 1863. Faleceu nesta terra a 15 de Janeiro de 1871.<\/p>\n<p>Padre Jo\u00e3o Manuel de Almeida Morais Pessanha<\/p>\n<p>Nasceu nas Arcas em 3 de Fevereiro de 1843. Foi presb\u00edtero, capel\u00e3o militar, Cavaleiro da Ordem de Avis, professor e jornalista. Na opini\u00e3o do abade de Ba\u00e7al foi uma das mais not\u00e1veis personalidades do distrito de Bragan\u00e7a. Faleceu a 22 de Junho de 1905, em Cabe\u00e7a Boa, Bragan\u00e7a.<\/p>\n<p>Francisco de Assis Pereira do Lago \u2014 Visconde das Arcas<\/p>\n<p>Natural desta freguesia, onde nasceu a 8 de Janeiro de 1844. Foi uma figura de grande destaque no Distrito, tendo sido deputado por Macedo de Cavaleiros em 1870 e Governador Civil de Bragan\u00e7a em 1886. Faleceu a 4 de Fevereiro de 1914.<\/p>\n<\/div><\/div><\/div><div class=\"fusion-layout-column fusion_builder_column fusion-builder-column-1 fusion_builder_column_1_3 1_3 fusion-flex-column\" style=\"--awb-bg-size:cover;--awb-width-large:33.333333333333%;--awb-margin-top-large:0px;--awb-spacing-right-large:5.76%;--awb-margin-bottom-large:20px;--awb-spacing-left-large:5.76%;--awb-width-medium:33.333333333333%;--awb-order-medium:0;--awb-spacing-right-medium:5.76%;--awb-spacing-left-medium:5.76%;--awb-width-small:100%;--awb-order-small:0;--awb-spacing-right-small:1.92%;--awb-spacing-left-small:1.92%;\"><div class=\"fusion-column-wrapper fusion-column-has-shadow fusion-flex-justify-content-flex-start fusion-content-layout-column\"><\/div><\/div><\/div><\/div>\n","protected":false},"excerpt":{"rendered":"","protected":false},"author":1,"featured_media":0,"parent":0,"menu_order":0,"comment_status":"closed","ping_status":"closed","template":"","meta":{"footnotes":""},"class_list":["post-21","page","type-page","status-publish","hentry"],"_links":{"self":[{"href":"https:\/\/www.jf-arcas.pt\/index.php?rest_route=\/wp\/v2\/pages\/21","targetHints":{"allow":["GET"]}}],"collection":[{"href":"https:\/\/www.jf-arcas.pt\/index.php?rest_route=\/wp\/v2\/pages"}],"about":[{"href":"https:\/\/www.jf-arcas.pt\/index.php?rest_route=\/wp\/v2\/types\/page"}],"author":[{"embeddable":true,"href":"https:\/\/www.jf-arcas.pt\/index.php?rest_route=\/wp\/v2\/users\/1"}],"replies":[{"embeddable":true,"href":"https:\/\/www.jf-arcas.pt\/index.php?rest_route=%2Fwp%2Fv2%2Fcomments&post=21"}],"version-history":[{"count":2,"href":"https:\/\/www.jf-arcas.pt\/index.php?rest_route=\/wp\/v2\/pages\/21\/revisions"}],"predecessor-version":[{"id":130,"href":"https:\/\/www.jf-arcas.pt\/index.php?rest_route=\/wp\/v2\/pages\/21\/revisions\/130"}],"wp:attachment":[{"href":"https:\/\/www.jf-arcas.pt\/index.php?rest_route=%2Fwp%2Fv2%2Fmedia&parent=21"}],"curies":[{"name":"wp","href":"https:\/\/api.w.org\/{rel}","templated":true}]}}